+ 31?
-8
What is (-1 - (6 + -5)) + -2?
-4
Evaluate (-1 - 2) + (0 - -1).
-2
What is 8 - (-1 - -5 - 5 - -3)?
6
What is -4 + (21 + -5 - 7) + -10?
-5
Evaluate 5 - ((-2 - -11) + 4 + -10).
2
0 + (0 - 1) + 0
-1
What is the value of (5 - 9 - 5) + 7?
-2
-9 + -2 + -2 + 0 + 10
-3
-6 + (6 - 1) - 5
-6
What is -1 - -4 - (-26 + 30)?
-1
(4 - (-7 - (-2 - 11))) + 4
2
2 + (-3 + -4 - -4)
-1
(-5 - 0 - -7) + 1
3
-4 + -2 + (-59 - -58)
-7
Evaluate 1 - -1 - (-3 + 10 + -2).
-3
-23 + 21 + (1 - -2)
1
What is -5 - (10 + -10 - 2)?
-3
What is the value of -4 - (5 + -10 + 0)?
1
Evaluate 1 - -4 - 13 - (-6 + 3).
-5
Evaluate -1 - (-3 + 1 + (-1 - -3)).
-1
What is -14 + 12 + (1 - 3 - -6)?
2
Evaluate (-29 - -25) + 8 + -1 - -2.
5
What is (3 - (12 + -18)) + -17?
-8
What is -1 + (3 - (-2 + (6 - -1)))?
-3
2 + (-5 - 3) + 1
-5
What is 7 + (-1 - (-6 - -7))?
5
What is 1 - (4 + 2) - -10?
5
Calculate -21 + 4 + (6 - -4).
-7
Evaluate (-8 - (8 + -5)) + 9.
-2
What is -6 + 4 + (5 - 1) - 3?
-1
What is the value of -8 + (2 - -22 - 13)?
3
What is the value of 5 + (1 - 0) + -1 + -2?
3
Calculate 8 - (16 + -6) - -6.
4
Calculate 10 + -3 - (12 - 2).
-3
Evaluate 4 - (15 - 6) - -11 - 14.
-8
Calculate -5 - (-2 + 10 + -6 + -3).
-4
(-6 - -2) + (-4 - -4)
-4
Calculate 11 + -18 - (3 - 2).
-8
-3 + 2 + 0 + -4
-5
What is the value of 11 - (-4 - (5 - 13)) - 5?
2
What is the value of 5 + -1 - (69 + -71)?
6
Calculate 2 - (4 + (-5 - (-5 + 4))).
2
Calculate -4 + (-4 - -3 - -6).
1
What is the value of -1 + (1 + -1 - (-8 - -5))?
2
What is 2 + 3 + -3 + -1?
1
(-8 + 7 + 0 - 10) + 5
-6
-10 + 8 + -5 - (1 - 7)
-1
What is the value of 6 + (-11 - -9) - -4?
8
Calculate (1 - -2) + -5 + -2 + 12.
8
(-8 - -4) + 1 - 1
-4
What is the value of -3 + -1 + 10 + -4 + -1?
1
What is (0 - (-16 + 7)) + -6 + 0?
3
Calculate -10 + 5 - (-1 + -2).
-2
Calculate -3 + -2 - -1 - 0.
-4
-9 - (-1 + 3) - -8
-3
Evaluate (0 - 4) + -2 - -4.
-2
Calculate (-6 - -6) + 1 + -6.
-5
Evaluate 3 - 1 - 5 - -3.
0
Evaluate 6 - ((6 - 0) + (-5 - 1)).
6
(-11 - (-20 + 11)) + -2 + 3
-1
(-7 - -5) + (-4 - -10) + -14
-10
Evaluate -1 - (-6 + 4 - 3).
4
What is the value of 4 + 3 + (-7 - 1) + 5?
4
Calculate -2 - (1 + 5 + 2 + -5).
-5
-1 + (-6 - -5 - (-1 + 2))
-3
Calculate 6 + -12 + 6 + (-2 - 1).
-3
What is -6 + 13 + 1 + -4?
4
What is 4 + 3 + (-32 - -19)?
-6
-1 + 3 + 6 + -5
3
0 - -3 - (-3 - 2 - -10)
-2
Evaluate 0 - (-8 - (0 + -12)).
-4
Evaluate 0 + 11 + 55 + -68.
-2
((-1 - 2) + -1 - -7) + -6
-3
What is the value of 4 + (1 - 1) + -5?
-1
-5 + -4 - (0 - 5)
-4
-6 - (-1 + 6 + 23 + -27)
-7
What is -1 - ((-6 - -1) + 0)?
4
Evaluate 3 + -7 + (4 + -4 - -3).
-1
Calculate -1 + 6 - -2 - 9.
-2
Evaluate 0 + -1 + (-1 - 2) + 0.
-4
What is (-5 - -3) + (-1 - -5)?
2
Evaluate -1 + 3 + 7 + -14.
-5
-5 + (-2 - -17) + -4
6
Calculate 4 + -8 - (-4 + 0) - -3.
3
What is -10 + (-3 - (-3 - 5))?
-5
What is the value of 1 - 6 - ((2 - 4) + 0)?
-3
2 + 4 - (0 + 1)
5
Evaluate (5 - -1) + -62 + 56.
0
What is the value of (-4 + 4 - 6) + 10?
4
Evaluate (4 + -15 - -17) + -4 + 2.
4
Calculate 4 + (-9 - -5) + -2.
-2
-2 + 4 + (-3 - -5) + -2
2
Evaluate (-4 - 1) + 3 + 7.
5
-1 + -3 + -8 + 2 + 5
-5
What is 6 + 4 + -6 - (11 - 1)?
-6
Evaluate -4 + 0 - (31 + -29).
-6
Evaluate (-15 - (-3 + -6)) + 8.
2
Evaluate (0 - -7) + -3 + (0 - 1).
3
-27 + 23 - (4 + (0 - 1))
-7
Evaluate 25 + -23 + (1 - (2 - 1)).
2
Calculate 0 + (3 - -1 - 3).
1
What is the value of 2 + 2 - 2 - 5?
-3
What is the value of 1 + -1 + 3 + -2 - -3?
4
Evaluate (-5 + 4 - (0 + -1)) + -3.
-3
What is 9 - (-8 + 10 + 1)?
6
What is 3 - 15 - (-1 - (-1 - -5))?
-7
Calculate 1 + -6 - (3 + -8 + 5).
-5
-4 - (-3 + -6) - (4 + 2)
-1
Evaluate (10 - 17) + 11 + -4.
0
Evaluate -3 - (3 + -6) - (-24 - -18).
6
What is 86 + -96 - (0 + -8)?
-2
What is the value of 6 + (-5 - -1) + 0?
2
What is the value of 1 - -10 - (-12 - -18)?
5
Evaluate -3 + (-3 + 3 - -1).
-2
What is the value of (-3 + 9 - (4 + 0)) + -2?
0
-13 + (0 - -6) - -2
-5
Evaluate (5 - 1) + (-2 - (12 + -15)).
5
What is 6 - ((-3 - -14) + 1 + -7)?
1
Calculate (7 + 0 - 8) + -5 + -2.
-8
5 + 1 + 4 + -6
4
Calculate 9 - (-5 - (-7 - (-6 + 9))).
4
Calculate -4 + (3 - 3 - -4).
0
Calculate 3 + (-3 - -3 - 1).
2
Calculate 11 - ((4 - (-2 + -3)) + -4).
6
What is (4 - 9) + 11 + (-4 - -1)?
3
0 - (6 + -5 + -2) - 8
-7
Calculate (1 - (4 - (4 + -7))) + -5.
-11
What is 6 - ((11 - 3) + -1)?
-1
What is 14 - 13 - (2 + 2)?
-3
What is (0 - -7) + (28 - 32)?
3
What is (-1 - -1 - -1) + -2?
-1
18 - 17 - (-2 + -2)
5
Calculate -1 - (-3 - 0) - (8 + -7).
1
Calculate (1 + -6 - -5) + 2.
2
Calculate 1 - ((2 - (2 - -6)) + -1).
8
What is -1 + -10 + 11 - -6?
6
What is -17 + 14 - (1 + 0 + -2)?
-2
What is -15 - -3 - (-9 - 13)?
10
Evaluate -1 + (-2 - (-8 - -4)).
1
Evaluate (-11 + 4 - -1) + (8 - -2).
4
What is the value of (-1 - (6 - 11)) + -1?
3
What is -3 + 3 + 0 + -3?
-3
Evaluate -1 - 1 - (-4 - 3).
5
Calculate -9 + (1 - 0 - -5).
-3
-6 + 6 - (4 - 0) - -5
1
What is the value of (6 - (3 - -3)) + -2?
-2
Evaluate -6 - 3 - (10 - 14).
-5
What is the value of 19 + 1 + (-11 - -5) + -5?
9
Calculate (-1 - (0 - 2)) + -4 - -1.
-2
Evaluate -3 + (-2 - -1) + 8.
4
What is the value of 9 + 7 + -1 + -5 - 1?
9
What is the value of -4 + (10 - 5) + -2 + -5?
-6
Calculate 6 + 0 + -2 + 1.
5
What is 3 + (3 - -11) + -14?
3
(-2 - 0 - -4) + -1
1
-5 - (3 + -15) - (8 + 4)
-5
Evaluate (-5 - (-8 - -6)) + (8 - 0).
5
Evaluate 125 + -113 + -5 + -1.
6
Calculate (-2 - -2) + 1 + (143 - 144).
0
Evaluate 1 - (4 - 4 - -6 - 4).
-1
Evaluate -2 + (5 - (4 + -4)).
3
Calculate -1 - (6 + -10 + 2).
1
Evaluate (-2 - (-4 - 5)) + -4.
3
What is the value of 6 - (-2 - (-2 + 1 - -3))?
10
Evaluate 6 - 1 - (43 + -42).
4
15 + -6 + -7 + 7
9
Evaluate 10 - (23 - -3 - 9).
-7
(-4 - -1) + 10 + -10
-3
Evaluate -1 + (-1 - -1) + -2 + -1.
-4
(-3 - 4) + (-3 - 2) + 12
0
Evaluate 4 + -1 + 3 + -4.
2
0 + 3 + -1 + (110 - 107)
5
What is the value of 36 - 41 - (-4 + 6)?
-7
12 - (-5 - (-26 + 14))
5
Evaluate 6 + -19 + -4 - -11.
-6
What is the value of -8 + -2 + 15 - (7 - -3)?
-5
-3 - (-1 + -3 + -1 + 2)
0
Calculate -16 + 15 + (6 - (2 - 0)).
3
What is -16 - -12 - (-1 + -1) - -5?
3
What is the value of (-3 - -6) + -1 - (-2 + 5)?
-1
What is the value of 3 - (4 + 0 + -13 + 8)?
4
What is -3 + -2 + 4 - 7 - -5?
-3
What is -3 + 9 + -4 + 2 - 3?
1
Evaluate -1 + -4 + 41 + -32.
4
Evaluate -2 + 8 + -3 + -1 - -2.
4
What is 4 + (6 - 3) + -6?
1
What is (-5 - (0 + 0 - 2)) + 4?
1
Evaluate -3 - (-1 + 1 + -4).
1
Evaluate -3 - (2 - (5 + -1 - 2)).
-3
7 - (8 + -8 + 4)
3
What is 1 - (-2 + -13 + 14)?
2
What is the value of 9 - (-6 - -5 - -5)?
5
Calculate -9 + (-4 + (1 - -6) - -1).
-5
Calculate 3 + -2 - (-1 - -3).
-1
Evaluate (4 - 1) + (2 + -2 - -1).
4
Calculate -23 + 23 - (-5 + -1).
6
-5 + -10 + -8 + 17 + -4
-10
8 + -6 - -6 - 4
4
What is the value of 1 + -2 + 0 + -13 + 11?
-3
(5 - 6 - -3) + -4
-2
Evaluate 0 + 0 + 1 + 180 + -182.
-1
Evaluate -1 - (6 + -7 - (-2 - 1)).
-3
What is 3 + -3 + 2 - (6 - -1)?
-5
Evaluate -10 + 9 - -2 - (2 + 5).
-6
What is (10 - (3 + 3)) + (-10 - 0)?
-6
Evaluate -5 - (-5 - (0 + 5)).
5
Calculate (15 - (1 - -2)) + (4 - 6).
10
What is -1 + 5 + 17 + -24?
-3
Evaluate -4 - ((3 - 8 - -7) + -3).
-3
What is the value of 5 + 6 + -3 + -4?
4
What is the value of -3 - -2 - (-11 + 5)?
5
Calculate -4 + -5 + 5 + -4 + 9.
1
Evaluate (-6 - -1) + (0 - -8).
3
Calculate 0 - 8 - (9 - (8 - -4)).
-5
What is 3 - 2 - (-9 + 7)?
3
What is 4 - (-1 - 4 - -4)?
5
What is 3 - (4 - 3 - (0 - -3))?
5
Evaluate 12 + -4 - (13 + -12).
7
Calculate (-6 - -2 - -3) + (0 - -4).
3
Calculate -1 + -6 - (-2 + 1 + -1).
-5
2 + -1 - (-2 + 7)
-4
(2 - 3) + (-4 - -3) - 1
-3
Calculate 3 + 5 - (-3 - -9).
2
What is the value of 0 + 4 + 7 + -14?
-3
Evaluate (6 + -1 - 0) + -4 + 7.
8
Calculate 1 - (1 + 1) - (-5 - -8).
-4
Calculate 4 + -8 + -1 - -2.
-3
Evaluate (1 - 7) + (-44 - -54).
4
(-44 - -53) + -3 + 0 + 4
10
What is the value of 0 - (-9 + (5 - 0))?
4
18 - 20 - (2 - 1)
-3
What is 4 - (11 - (19 - 4))?
8
What is (4 - 2) + (-3 - 2)?
-3
What is 3 - -1 - (3 + -3 + 0)?
4
7 + (-4 - -1) - 7
-3
What is -2 - (6 + -1) - (6 - 7)?
-6
What is -6 + (-3 - 0) - -18?
9
What is 3 + (0 - ((1 - 1) + 4))?
-1
-3 + (9 - (-2 + 6))
2
Evaluate -6 + 1 + -3 - (5 - 11).
-2
Calculate -5 - -1 - (-9 - -5).
0
Calculate 1 - -3 - (16 + -18).
6
Evaluate 11 + (-3 + 0 - 7).
1
Evaluate -2 + (-5 - -5 - -4).
2
Calculate (6 - 1) + (-4 - -4) + -2.
3
Calculate 